?
True
Is 93865 a composite number?
True
Is 219 a prime number?
False
Is 2830609 a composite number?
False
Is 3761 a prime number?
True
Is 1801 a composite number?
False
Is 4853 composite?
True
Is 8147 a composite number?
False
Is 813061 a prime number?
True
Is 14662 a prime number?
False
Is 692689 composite?
False
Is 1961 a prime number?
False
Is 174419 composite?
True
Is 28387 a composite number?
False
Is 1498073 a composite number?
False
Is 166274 composite?
True
Is 13307 composite?
True
Is 78179 composite?
False
Is 23447 a composite number?
False
Is 1313 a composite number?
True
Is 765899 prime?
True
Is 4430129 composite?
True
Is 7279 a prime number?
False
Is 86813 a prime number?
True
Is 455095 prime?
False
Is 8483 a composite number?
True
Is 114797 a composite number?
False
Is 399459 a prime number?
False
Is 158003 composite?
False
Is 87239 a composite number?
True
Is 8903 composite?
True
Is 353117 composite?
False
Is 4187 prime?
False
Is 15559 composite?
False
Is 571498 a composite number?
True
Is 127097 composite?
True
Is 299199 composite?
True
Is 178617 a prime number?
False
Is 3916415 prime?
False
Is 871 prime?
False
Is 375523 composite?
False
Is 699253 prime?
True
Is 683245 composite?
True
Is 967 a prime number?
True
Is 34003 prime?
False
Is 34981 a prime number?
True
Is 6595 a composite number?
True
Is 527273 composite?
False
Is 455167 composite?
False
Is 140081 prime?
False
Is 214589 a composite number?
False
Is 36913 prime?
True
Is 1009367 composite?
True
Is 1139747 prime?
False
Is 8817 a prime number?
False
Is 1213 a composite number?
False
Is 38035 a composite number?
True
Is 305717 a composite number?
False
Is 147047 composite?
False
Is 131 a prime number?
True
Is 706943 a prime number?
True
Is 138257 composite?
True
Is 12287 prime?
False
Is 8986 a composite number?
True
Is 23755 a prime number?
False
Is 2897 a composite number?
False
Is 22679 a composite number?
False
Is 519 composite?
True
Is 162917 a composite number?
False
Is 371521 prime?
False
Is 2161 prime?
True
Is 17599 composite?
False
Is 28505 a prime number?
False
Is 9491 a composite number?
False
Is 124819 a prime number?
True
Is 14741 a prime number?
True
Is 769 a composite number?
False
Is 84679 composite?
True
Is 804017 prime?
True
Is 25399 a composite number?
True
Is 36833 prime?
True
Is 345449 a prime number?
False
Is 23357 a prime number?
True
Is 2215 prime?
False
Is 68905 a prime number?
False
Is 85741 composite?
True
Is 24691 a prime number?
True
Is 672143 a composite number?
False
Is 10301 a prime number?
True
Is 15869 prime?
False
Is 255691 prime?
False
Is 80695 composite?
True
Is 2129 composite?
False
Is 206069 a prime number?
True
Is 799849 prime?
False
Is 21553 prime?
False
Is 4637 a prime number?
True
Is 54241 prime?
False
Is 9773 a prime number?
False
Is 2819 prime?
True
Is 7601 prime?
False
Is 281335 a prime number?
False
Is 98801 a composite number?
False
Is 195433 prime?
False
Is 10765 a composite number?
True
Is 4753339 composite?
True
Is 321991 prime?
True
Is 69653 a prime number?
True
Is 644845 composite?
True
Is 1057477 a prime number?
True
Is 92147 a prime number?
False
Is 173461 prime?
False
Is 5437 a composite number?
False
Is 35515 a composite number?
True
Is 55415 a composite number?
True
Is 410029 a prime number?
True
Is 104087 prime?
True
Is 106111 composite?
True
Is 8287 prime?
True
Is 414889 a prime number?
True
Is 2521 prime?
True
Is 2258 composite?
True
Is 7393 composite?
False
Is 6737 prime?
True
Is 343661 composite?
False
Is 272651 a prime number?
True
Is 275027 prime?
True
Is 100043 a prime number?
True
Is 991 prime?
True
Is 359101 a composite number?
False
Is 14998 composite?
True
Is 62149 a prime number?
False
Is 83197 a composite number?
True
Is 2831 a prime number?
False
Is 90777 a composite number?
True
Is 5458 prime?
False
Is 7717 prime?
True
Is 6241 a composite number?
True
Is 16787 a composite number?
False
Is 55139 prime?
False
Is 21737 a prime number?
True
Is 1164173 composite?
False
Is 27427 composite?
False
Is 905431 a composite number?
True
Is 279793 a prime number?
False
Is 124121 composite?
False
Is 19289 composite?
False
Is 187415 a composite number?
True
Is 71999 a composite number?
False
Is 14431 prime?
True
Is 534434 a prime number?
False
Is 597671 prime?
True
Is 43943 prime?
True
Is 363235 prime?
False
Is 12071 a composite number?
False
Is 1052911 a composite number?
True
Is 15023 a prime number?
False
Is 681631 a prime number?
True
Is 985163 a prime number?
False
Is 17707 composite?
False
Is 32999 a composite number?
False
Is 68597 composite?
False
Is 23251 prime?
True
Is 256474 a composite number?
True
Is 815891 composite?
False
Is 10483 prime?
False
Is 573 prime?
False
Is 346169 composite?
False
Is 20257 composite?
True
Is 2800123 prime?
False
Is 107089 a prime number?
True
Is 25642 a composite number?
True
Is 278573 composite?
True
Is 156803 a composite number?
True
Is 12515 prime?
False
Is 350209 a prime number?
False
Is 22217 a prime number?
False
Is 42509 prime?
True
Is 148481 a composite number?
True
Is 333073 composite?
True
Is 5147 a composite number?
False
Is 165569 composite?
False
Is 1959305 a prime number?
False
Is 27191 prime?
True
Is 149351 composite?
False
Is 31847 a composite number?
False
Is 23183 prime?
False
Is 302599 prime?
False
Is 3991 prime?
False
Is 194239 prime?
True
Is 122267 prime?
True
Is 27509 a composite number?
False
Is 899 a prime number?
False
Is 30865 composite?
True
Is 15679 a composite number?
False
Is 3061 a composite number?
False
Is 4727 a composite number?
True
Is 169553 a prime number?
True
Is 73303 a composite number?
False
Is 166811 composite?
True
Is 4141 prime?
False
Is 390851 a prime number?
True
Is 98279 composite?
True
Is 271 a prime number?
True
Is 2845 composite?
True
Is 6563 a composite number?
False
Is 655555 a prime number?
False
Is 21839 composite?
False
Is 5557 a composite number?
False
Is 102359 prime?
True
Is 511487 a composite number?
False
Is 119573 prime?
False
Is 25706 composite?
True
Is 3503 a prime number?
False
Is 1108357 prime?
True
Is 866161 a composite number?
False
Is 736243 composite?
False
Is 53563 a prime number?
False
Is 64811 prime?
True
Is 1157293 prime?
True
Is 1337858 a composite number?
True
Is 3163 composite?
False
Is 4699 a prime number?
False
Is 2517 composite?
True
Is 27011 composite?
False
Is 929345 a composite number?
True
Is 138377 a composite number?
True
Is 96139 composite?
True
Is 1151 composite?
False
Is 541 a composite number?
False
Is 1727 a prime number?
False
Is 503183 composite?
True
Is 69533 prime?
False
Is 10847 prime?
True
Is 196921 a composite number?
True
Is 22691 composite?
False
Is 35569 composite?
False
Is 12373 a prime number?
True
Is 2939 prime?
True
Is 7639 prime?
True
Is 33119 a prime number?
True
Is 70234 prime?
False
Is 72997 composite?
False
Is 351761 a prime number?
False
Is 100151 a composite number?
False
Is 1213 a prime number?
True
Is 820433 composite?
True
Is 7295 prime?
False
Is 14213 a prime number?
False
Is 14683 composite?
False
Is 16837 prime?
False
Is 189537 composite?
True
Is 8779 prime?
True
Is 285493 composite?
True
Is 9413 a prime number?
True
Is 3683 composite?
True
Is 43114 a composite number?
True
Is 133007 a composite number?
True
Is 1776331 composite?
True
Is 8462 a composite number?
True
Is 93523 a prime number?
True
Is 307231 a composite number?
True
Is 467 a composite number?
False
Is 23843 prime?
False
Is 64969 prime?
True
Is 220973 composite?
False
Is 533 a composite number?
True
Is 111577 a prime number?
True
Is 4391 a prime number?
True
Is 33121 prime?
False
Is 453 composite?
True
Is 7069 prime?
True
Is 217705 a prime number?
False
Is 6274 composite?
True
Is 96299 composite?
True
Is 3709 prime?
True
Is 60589 prime?
True
Is 4547 a prime number?
True
Is 329 prime?
False
Is 9391 prime?
True
Is 81727 composite?
False
Is 342991 prime?
False
Is 44011 composite?
True
Is 902893 composite?
True
Is 6113 prime?
True
Is 529097 a prime number?
True
Is 748547 a composite number?
True
Is 73391 prime?
False
Is 157827 prime?
False
Is 3509095 a composite number?
True
Is 389 a prime number?
True
Is 7603 a composite number?
False
Is 546847 composite?
True
Is 44201 prime?
True
Is 8999 a com